{"id":1555,"date":"2023-01-22T12:26:50","date_gmt":"2023-01-22T11:26:50","guid":{"rendered":"https:\/\/update.boettcher-film.de\/buch-henrik-ibsen\/"},"modified":"2023-03-12T17:32:16","modified_gmt":"2023-03-12T16:32:16","slug":"buch-henrik-ibsen","status":"publish","type":"page","link":"https:\/\/www.boettcher-film.de\/?page_id=1555","title":{"rendered":"Buch Henrik Ibsen"},"content":{"rendered":"<div data-colibri-id=\"1555-c1\" class=\"style-764 style-local-1555-c1 position-relative\">\n  <!---->\n  <div data-colibri-component=\"section\" data-colibri-id=\"1555-c2\" id=\"about\" class=\"h-section h-section-global-spacing d-flex align-items-lg-center align-items-md-center align-items-center style-765 style-local-1555-c2 position-relative\">\n    <!---->\n    <!---->\n    <div class=\"h-section-grid-container h-section-boxed-container\">\n      <!---->\n      <div data-colibri-id=\"1555-c3\" class=\"h-row-container gutters-row-lg-0 gutters-row-md-0 gutters-row-0 gutters-row-v-lg-0 gutters-row-v-md-0 gutters-row-v-0 style-766 style-local-1555-c3 position-relative\">\n        <!---->\n        <div class=\"h-row justify-content-lg-center justify-content-md-center justify-content-center align-items-lg-stretch align-items-md-stretch align-items-stretch gutters-col-lg-0 gutters-col-md-0 gutters-col-0 gutters-col-v-lg-0 gutters-col-v-md-0 gutters-col-v-0\">\n          <!---->\n          <div class=\"h-column h-column-container d-flex h-col-lg-auto h-col-md-auto h-col-auto style-767-outer style-local-1555-c4-outer\">\n            <div data-colibri-id=\"1555-c4\" class=\"d-flex h-flex-basis h-column__inner h-px-lg-3 h-px-md-3 h-px-3 v-inner-lg-3 v-inner-md-3 v-inner-3 style-767 style-local-1555-c4 position-relative\">\n              <!---->\n              <!---->\n              <div class=\"w-100 h-y-container h-column__content h-column__v-align flex-basis-100 align-self-lg-center align-self-md-center align-self-center\">\n                <!---->\n                <div data-colibri-id=\"1555-c5\" class=\"h-global-transition-all h-heading style-768 style-local-1555-c5 position-relative h-element\">\n                  <!---->\n                  <div class=\"h-heading__outer style-768 style-local-1555-c5\">\n                    <!---->\n                    <!---->\n                    <h3 class=\"\">Henrik Ibsen\n                      <br>Zur B\u00fchnengeschichte seiner Gespenster<\/h3>\n                  <\/div>\n                <\/div>\n                <div data-colibri-id=\"1555-c6\" class=\"h-text h-text-component style-769 style-local-1555-c6 position-relative h-element\">\n                  <!---->\n                  <!---->\n                  <div class=\"\">\n                    <p>Rezension von Tobias Burghardt, Delta &#8211; Zeitschrift f\u00fcr Essayistik und Dichtung, 1990: \u201eAngesichts ver\u00e4nderter Realit\u00e4ten erh\u00e4lt das von Ibsen 1881 geschriebene Schauspiel verbl\u00fcffende Aktualit\u00e4t: Es gibt kein richtigeres St\u00fcck \u00fcber\n                      AIDS als \u201eGespenster&#8220; (Einar Schleef). Der gesellschaftskritische Ansatz des St\u00fccks, in dessen Mittelpunkt u. a. die Krankengeschichte eines jungen Mannes steht, l\u00e4sst sich in seiner konkreten (norwegischen) Fassung \u00fcbertragen auf\n                      allgemeing\u00fcltige Zusammenh\u00e4nge, die auch heute noch unsere Wirklichkeit ausmachen. Das Herzst\u00fcck des Buches bildet die spannend zu lesende und gewissenhafte Aufzeichnung der B\u00fchnengeschichte des Familiendramas von seinen Anf\u00e4ngen\n                      (z. B. der Welturauff\u00fchrung am 20. Mai 1882 vor skandinavischen Einwanderern in Chicago) \u00fcber Zensurverbote, &#8211; kontroversen und -aufhebungen bis zur Er\u00f6ffnungsvorstellung der \u201eFreien B\u00fchne&#8220; 1889 in Berlin, der Er\u00f6ffnung der \u201eBerliner\n                      Kammerspiele&#8220; 1906 unter Leitung von Max Reinhardt (mit einem B\u00fchnenbild von Edvard Munch) sowie einem vor\u00fcbergehenden Desinteresse an Ibsen und seinen St\u00fccken bis in die Nachkriegszeit. Von einer Wiederentdeckung Ibsens, sowohl\n                      auf der B\u00fchne als auch in der \u201ephilologischen Forschung&#8220; kann ab der siebenst\u00fcndigen Peer-Gynt-Inszenierung von Peter Stein an der Berliner \u201eSchaub\u00fchne&#8220; (1970\/71) gesprochen werden.<\/p>\n                    <p>Die dramaturgische Arbeit von Marc Boettcher wird unerl\u00e4sslich f\u00fcr denjenigen, der das \u201eGespenster&#8220;-Werk und Wirken differenziert und umfassend betrachten will. Im Anhang des Buches befinden sich Zensurakten, Kritiken, Bilder und andere\n                      Materialien, die den bemerkenswerten Einblick in die B\u00fchnengeschichte sinnig veranschaulichen. Ibsen schrieb an seinen Verleger: Meinem Buch geh\u00f6rt die Zukunft. &#8211; In der Tat.&#8220;<\/p>\n                    <p>\n                      <br>\n                    <\/p>\n                  <\/div>\n                <\/div>\n                <div data-colibri-id=\"1555-c7\" class=\"h-x-container style-770 style-local-1555-c7 position-relative h-element\">\n                  <!---->\n                  <div class=\"h-x-container-inner style-dynamic-1555-c7-group style-770-spacing style-local-1555-c7-spacing\"><span class=\"h-button__outer style-771-outer style-local-1555-c8-outer d-inline-flex h-element\"><a h-use-smooth-scroll=\"true\" href=\"https:\/\/www.amazon.de\/Henrik-Ibsen-B\u00fchnengeschichte-Hochschulschriften-Universitaires\/dp\/3631421664\/ref=sr_1_7?__mk_de_DE=\u00c5M\u00c5\u017d\u00d5\u00d1&amp;dchild=1&amp;keywords=marc+boettcher&amp;qid=1615069103&amp;sr=8-7\"  data-colibri-id=\"1555-c8\" class=\"d-flex w-100 align-items-center h-button justify-content-lg-center justify-content-md-center justify-content-center style-771 style-local-1555-c8 position-relative\"><!----><!----> <span>Buch kaufen<\/span><\/a>\n                    <\/span>\n                  <\/div>\n                <\/div>\n              <\/div>\n            <\/div>\n          <\/div>\n          <div class=\"h-column h-column-container d-flex h-col-lg-auto h-col-md-auto h-col-auto style-772-outer style-local-1555-c9-outer\">\n            <div data-colibri-id=\"1555-c9\" class=\"d-flex h-flex-basis h-column__inner h-ui-empty-state-container h-px-lg-2 h-px-md-2 h-px-0 v-inner-lg-2 v-inner-md-2 v-inner-0 style-772 style-local-1555-c9 position-relative\">\n              <!---->\n              <!---->\n              <div class=\"w-100 h-y-container h-column__content h-column__v-align flex-basis-100\">\n                <!---->\n              <\/div>\n            <\/div>\n          <\/div>\n          <div class=\"h-column h-column-container d-flex h-col-lg-auto h-col-md-auto h-col-auto style-773-outer style-local-1555-c10-outer\">\n            <div data-colibri-id=\"1555-c10\" class=\"d-flex h-flex-basis h-column__inner h-ui-empty-state-container h-px-lg-0 h-px-md-0 h-px-0 v-inner-lg-0 v-inner-md-0 v-inner-0 style-773 style-local-1555-c10 position-relative\">\n              <!---->\n              <!---->\n              <div class=\"w-100 h-y-container h-column__content h-column__v-align flex-basis-100\">\n                <!---->\n              <\/div>\n            <\/div>\n          <\/div>\n        <\/div>\n      <\/div>\n    <\/div>\n  <\/div>\n<\/div>","protected":false},"excerpt":{"rendered":"<p>Henrik Ibsen Zur B\u00fchnengeschichte seiner Gespenster Rezension von Tobias Burghardt, Delta &#8211; Zeitschrift f\u00fcr Essayistik und Dichtung, 1990: \u201eAngesichts ver\u00e4nderter Realit\u00e4ten erh\u00e4lt das von Ibsen 1881 geschriebene Schauspiel verbl\u00fcffende Aktualit\u00e4t: Es gibt kein richtigeres St\u00fcck \u00fcber AIDS als \u201eGespenster&#8220; (Einar Schleef). Der gesellschaftskritische Ansatz des St\u00fccks, in dessen Mittelpunkt u. a. die Krankengeschichte eines jungen [&hellip;]<\/p>\n","protected":false},"author":1,"featured_media":0,"parent":0,"menu_order":0,"comment_status":"closed","ping_status":"closed","template":"page-templates\/full-width-page.php","meta":{"footnotes":""},"class_list":["post-1555","page","type-page","status-publish","hentry"],"_links":{"self":[{"href":"https:\/\/www.boettcher-film.de\/index.php?rest_route=\/wp\/v2\/pages\/1555","targetHints":{"allow":["GET"]}}],"collection":[{"href":"https:\/\/www.boettcher-film.de\/index.php?rest_route=\/wp\/v2\/pages"}],"about":[{"href":"https:\/\/www.boettcher-film.de\/index.php?rest_route=\/wp\/v2\/types\/page"}],"author":[{"embeddable":true,"href":"https:\/\/www.boettcher-film.de\/index.php?rest_route=\/wp\/v2\/users\/1"}],"replies":[{"embeddable":true,"href":"https:\/\/www.boettcher-film.de\/index.php?rest_route=%2Fwp%2Fv2%2Fcomments&post=1555"}],"version-history":[{"count":3,"href":"https:\/\/www.boettcher-film.de\/index.php?rest_route=\/wp\/v2\/pages\/1555\/revisions"}],"predecessor-version":[{"id":2870,"href":"https:\/\/www.boettcher-film.de\/index.php?rest_route=\/wp\/v2\/pages\/1555\/revisions\/2870"}],"wp:attachment":[{"href":"https:\/\/www.boettcher-film.de\/index.php?rest_route=%2Fwp%2Fv2%2Fmedia&parent=1555"}],"curies":[{"name":"wp","href":"https:\/\/api.w.org\/{rel}","templated":true}]}}

<div data-colibri-id="1555-c1" class="style-764 style-local-1555-c1 position-relative">
  <!---->
  <div data-colibri-component="section" data-colibri-id="1555-c2" id="about" class="h-section h-section-global-spacing d-flex align-items-lg-center align-items-md-center align-items-center style-765 style-local-1555-c2 position-relative">
    <!---->
    <!---->
    <div class="h-section-grid-container h-section-boxed-container">
      <!---->
      <div data-colibri-id="1555-c3" class="h-row-container gutters-row-lg-0 gutters-row-md-0 gutters-row-0 gutters-row-v-lg-0 gutters-row-v-md-0 gutters-row-v-0 style-766 style-local-1555-c3 position-relative">
        <!---->
        <div class="h-row justify-content-lg-center justify-content-md-center justify-content-center align-items-lg-stretch align-items-md-stretch align-items-stretch gutters-col-lg-0 gutters-col-md-0 gutters-col-0 gutters-col-v-lg-0 gutters-col-v-md-0 gutters-col-v-0">
          <!---->
          <div class="h-column h-column-container d-flex h-col-lg-auto h-col-md-auto h-col-auto style-767-outer style-local-1555-c4-outer">
            <div data-colibri-id="1555-c4" class="d-flex h-flex-basis h-column__inner h-px-lg-3 h-px-md-3 h-px-3 v-inner-lg-3 v-inner-md-3 v-inner-3 style-767 style-local-1555-c4 position-relative">
              <!---->
              <!---->
              <div class="w-100 h-y-container h-column__content h-column__v-align flex-basis-100 align-self-lg-center align-self-md-center align-self-center">
                <!---->
                <div data-colibri-id="1555-c5" class="h-global-transition-all h-heading style-768 style-local-1555-c5 position-relative h-element">
                  <!---->
                  <div class="h-heading__outer style-768 style-local-1555-c5">
                    <!---->
                    <!---->
                    <h3 class="">Henrik Ibsen
                      <br>Zur Bühnengeschichte seiner Gespenster</h3>
                  </div>
                </div>
                <div data-colibri-id="1555-c6" class="h-text h-text-component style-769 style-local-1555-c6 position-relative h-element">
                  <!---->
                  <!---->
                  <div class="">
                    <p>Rezension von Tobias Burghardt, Delta &#8211; Zeitschrift für Essayistik und Dichtung, 1990: „Angesichts veränderter Realitäten erhält das von Ibsen 1881 geschriebene Schauspiel verblüffende Aktualität: Es gibt kein richtigeres Stück über
                      AIDS als „Gespenster&#8220; (Einar Schleef). Der gesellschaftskritische Ansatz des Stücks, in dessen Mittelpunkt u. a. die Krankengeschichte eines jungen Mannes steht, lässt sich in seiner konkreten (norwegischen) Fassung übertragen auf
                      allgemeingültige Zusammenhänge, die auch heute noch unsere Wirklichkeit ausmachen. Das Herzstück des Buches bildet die spannend zu lesende und gewissenhafte Aufzeichnung der Bühnengeschichte des Familiendramas von seinen Anfängen
                      (z. B. der Welturaufführung am 20. Mai 1882 vor skandinavischen Einwanderern in Chicago) über Zensurverbote, &#8211; kontroversen und -aufhebungen bis zur Eröffnungsvorstellung der „Freien Bühne&#8220; 1889 in Berlin, der Eröffnung der „Berliner
                      Kammerspiele&#8220; 1906 unter Leitung von Max Reinhardt (mit einem Bühnenbild von Edvard Munch) sowie einem vorübergehenden Desinteresse an Ibsen und seinen Stücken bis in die Nachkriegszeit. Von einer Wiederentdeckung Ibsens, sowohl
                      auf der Bühne als auch in der „philologischen Forschung&#8220; kann ab der siebenstündigen Peer-Gynt-Inszenierung von Peter Stein an der Berliner „Schaubühne&#8220; (1970/71) gesprochen werden.</p>
                    <p>Die dramaturgische Arbeit von Marc Boettcher wird unerlässlich für denjenigen, der das „Gespenster&#8220;-Werk und Wirken differenziert und umfassend betrachten will. Im Anhang des Buches befinden sich Zensurakten, Kritiken, Bilder und andere
                      Materialien, die den bemerkenswerten Einblick in die Bühnengeschichte sinnig veranschaulichen. Ibsen schrieb an seinen Verleger: Meinem Buch gehört die Zukunft. &#8211; In der Tat.&#8220;</p>
                    <p>
                      <br>
                    </p>
                  </div>
                </div>
                <div data-colibri-id="1555-c7" class="h-x-container style-770 style-local-1555-c7 position-relative h-element">
                  <!---->
                  <div class="h-x-container-inner style-dynamic-1555-c7-group style-770-spacing style-local-1555-c7-spacing"><span class="h-button__outer style-771-outer style-local-1555-c8-outer d-inline-flex h-element"><a h-use-smooth-scroll="true" href="https://www.amazon.de/Henrik-Ibsen-Bühnengeschichte-Hochschulschriften-Universitaires/dp/3631421664/ref=sr_1_7?__mk_de_DE=ÅMÅŽÕÑ&amp;dchild=1&amp;keywords=marc+boettcher&amp;qid=1615069103&amp;sr=8-7"  data-colibri-id="1555-c8" class="d-flex w-100 align-items-center h-button justify-content-lg-center justify-content-md-center justify-content-center style-771 style-local-1555-c8 position-relative"><!----><!----> <span>Buch kaufen</span></a>
                    </span>
                  </div>
                </div>
              </div>
            </div>
          </div>
          <div class="h-column h-column-container d-flex h-col-lg-auto h-col-md-auto h-col-auto style-772-outer style-local-1555-c9-outer">
            <div data-colibri-id="1555-c9" class="d-flex h-flex-basis h-column__inner h-ui-empty-state-container h-px-lg-2 h-px-md-2 h-px-0 v-inner-lg-2 v-inner-md-2 v-inner-0 style-772 style-local-1555-c9 position-relative">
              <!---->
              <!---->
              <div class="w-100 h-y-container h-column__content h-column__v-align flex-basis-100">
                <!---->
              </div>
            </div>
          </div>
          <div class="h-column h-column-container d-flex h-col-lg-auto h-col-md-auto h-col-auto style-773-outer style-local-1555-c10-outer">
            <div data-colibri-id="1555-c10" class="d-flex h-flex-basis h-column__inner h-ui-empty-state-container h-px-lg-0 h-px-md-0 h-px-0 v-inner-lg-0 v-inner-md-0 v-inner-0 style-773 style-local-1555-c10 position-relative">
              <!---->
              <!---->
              <div class="w-100 h-y-container h-column__content h-column__v-align flex-basis-100">
                <!---->
              </div>
            </div>
          </div>
        </div>
      </div>
    </div>
  </div>
</div>

<p>Henrik Ibsen Zur Bühnengeschichte seiner Gespenster Rezension von Tobias Burghardt, Delta &#8211; Zeitschrift für Essayistik und Dichtung, 1990: „Angesichts veränderter Realitäten erhält das von Ibsen 1881 geschriebene Schauspiel verblüffende Aktualität: Es gibt kein richtigeres Stück über AIDS als „Gespenster&#8220; (Einar Schleef). Der gesellschaftskritische Ansatz des Stücks, in dessen Mittelpunkt u. a. die Krankengeschichte eines jungen [&hellip;]</p>
